at is the units digit of (f/(-2))/(b/(-4))?
2
Suppose a + 3*v = 5 + 15, 0 = -5*a - v + 142. What is the units digit of a?
9
What is the units digit of 32 - (1 + -1 - 3)?
5
What is the hundreds digit of -4*((-28 - 1) + 0)?
1
Suppose r - 4*p - 118 = -2*p, 0 = -3*r + 3*p + 360. What is the units digit of r?
2
What is the units digit of (0 - -27) + -10 + 9?
6
Suppose 3*n + 2 = 8. Suppose 2*l = -0*l + 5*p - n, 3*l = 4*p - 3. What is the units digit of 6 + 2/(0 + l)?
4
Let q = -34 + 50. Suppose -4*a = -4*s + 8 + q, 0 = 4*s + 4*a + 16. What is the tens digit of (s - -3)/(2/8)?
1
Suppose 0 = 5*k + 3*b - 134, 20 = k + 2*b + 2*b. Suppose -f + k = 3*p, 2*f = -4*p - 0*f + 40. What is the units digit of p?
8
Suppose -2*v = -6*v + 16. Let m = 0 - v. What is the units digit of ((-2)/m)/((-6)/(-24))?
2
Suppose 8 = 2*r - p, 4*p = 3*p. Suppose r*v + 14 = -2*q + q, 0 = -3*q + 2*v - 28. What is the units digit of (-64)/(-40) - 4/q?
2
Suppose 0 = 4*z - 5 - 3. Suppose z*b = -2*k + 8, -3*k + 18 = 2*b + 3*b. Suppose -16 = -t - b*t. What is the units digit of t?
4
Suppose 0 = -l + 3. Let f(m) = m**3 - 3 + 0*m**3 + 2*m - l*m**2 + 0*m. What is the units digit of f(3)?
3
Suppose -2*h - 4*j + 4 = 0, 3*j + 15 = 2*h - 17. What is the units digit of h?
0
Suppose 9 = -3*y, -5*g + y = -28 + 10. Suppose -t + 0*t - g = 0, 2*t + 9 = 3*d. What is the units digit of (d - -12) + 15/5?
6
Let z = -74 - -153. What is the units digit of z?
9
Let s(p) = p**3 - 3*p**2 - 2*p - 2. Let r(b) be the first derivative of -b**2/2 + 7*b + 1. Let i be r(3). What is the units digit of s(i)?
6
Let s = -7 - -11. Let t = s + 3. What is the units digit of t?
7
Let c = 2 + -2. Suppose 9 = 3*v - c*v. Suppose -q + 4 + 1 = -o, -v*o = 2*q - 10. What is the units digit of q?
5
What is the tens digit of (-4)/10 + 2223/45?
4
Suppose -416 = -4*w + 208. What is the units digit of w?
6
Let w(x) be the second derivative of -x**5/20 - 3*x**4/4 - x**3/6 + x. Suppose 0 = 2*y + 3*y + 45. What is the units digit of w(y)?
9
Suppose -3*l + 9 = -3. Suppose -5*y + 10 = 2*j, 7 = -l*j - 2*y + 27. Suppose -q - 16 = -2*b + b, 3*b - j*q = 56. What is the units digit of b?
2
Let r(f) = -f**2 + 11*f + 12. Let l be r(12). Suppose 0 = o + 3*j - 18, o + 2*o - 2*j - 87 = l. What is the units digit of o?
7
Let i = -5 - -10. Suppose 0 = 4*f + i*v - 21 - 19, 3*f + 5*v = 30. What is the units digit of f?
0
Let m be (-15)/6*(-12)/10. Let t(q) = -m + 1 + 0 + q. What is the units digit of t(4)?
2
Suppose 4*g + 3*d + 5 = -8, 5*g + 23 = 3*d. Let h = g - -16. What is the units digit of h?
2
Let f = -73 - -109. Suppose f = -2*g + 100. What is the units digit of g?
2
What is the hundreds digit of (-15)/(-4)*((-552)/(-18) - -4)?
1
Suppose -36 = -7*t + 48. What is the tens digit of t?
1
Suppose -5 = 2*b + b - 5*p, 0 = b - 4*p + 4. Suppose b*m + m = 33. What is the units digit of m?
3
Let u = 3 + 3. What is the tens digit of ((-28)/u)/(1/(-3))?
1
Suppose 17 = 5*g - 23. Suppose 3*q = 7 + g. Suppose 22 = 3*y + 5*u, q*u = -2*y + 1 + 12. What is the units digit of y?
9
Let u be 55 - (-1 + (-1 - -2)). Suppose u = -0*z + 5*z. What is the units digit of z?
1
Let d(x) = 2*x + 7 - 11*x + 8*x. What is the units digit of d(-6)?
3
Let d = -3 + 17. Suppose -m - 5*z = 15, 2*m - 2*z - 16 = d. Suppose 0 = -b + m + 1. What is the units digit of b?
1
Let b(u) = 14*u**3 + 2*u**2 - u. Let l be b(1). Suppose 0 = -3*v + a - 23, 4*v = 6*a - a - 49. Let o = l + v. What is the units digit of o?
9
Suppose 0*y - 12 = -3*y. Suppose -1 = 3*b + 4*t + 13, -3*b - 2*t = y. Suppose -57 = -w - 3*w - 5*s, 28 = 2*w + b*s. What is the units digit of w?
3
Suppose 2*l - 74 = -4*c + 3*l, -3*c = 5*l - 44. What is the units digit of c?
8
Suppose 2*w = 217 - 81. What is the tens digit of w?
6
Suppose g + 40 = 6*g. Let k = g - -1. What is the units digit of k?
9
Let b(w) = w + 6. What is the units digit of b(-4)?
2
Suppose h = 3*h. Let u = -3 + h. Let r = u + 7. What is the units digit of r?
4
Suppose c + 2 = 2*c. Suppose -c*t + 9 + 5 = 0. What is the units digit of t?
7
Let n = 1 - -41. What is the units digit of n?
2
Let i = -1 + 3. Suppose 0 = -4*m - 4*s + 26 + 82, i*s = 5*m - 170. What is the units digit of m?
2
Let a = 28 + -14. Let s be 4/(8/a) - 1. Suppose -3*h + s = -3*d, -5*h - 1 + 29 = d. What is the units digit of d?
3
Let u = 29 - 14. What is the units digit of u?
5
Let c(a) = -4*a. Let i(t) = 7*t. Let q(o) = 10*c(o) + 6*i(o). What is the units digit of q(4)?
8
Suppose -2*u + 7*u + b - 77 = 0, -6 = 2*b. What is the units digit of u?
6
Suppose -321 - 724 = -19*d. What is the tens digit of d?
5
Let p(c) = 38*c**2 + c - 2. What is the tens digit of p(-2)?
4
Let n(o) = -9*o + 58. What is the units digit of n(-19)?
9
Let r(n) = -n**3 + 7*n**2 - 2*n + 1. Let a be r(3). Suppose 0 = 5*s - 5, -5*z + z + s + a = 0. What is the units digit of ((-14)/z)/((-4)/16)?
7
Suppose 10*m - 5*m - 3*u = 10, u - 30 = -5*m. Suppose 0 = -m*z + 124 + 131. Suppose c - 4*a - 27 = 0, -3*c - 2*a - z = -6*c. What is the tens digit of c?
1
Suppose -3*x + 49 + 14 = 2*g, -2*g + 2*x + 58 = 0. Let t = -1 + g. What is the tens digit of t?
2
Suppose 4*f + 445 = 9*f. Suppose i + 109 = 4*m, 3*i = m - 5*m + f. What is the units digit of m?
6
Suppose -3*r + w = -52, 4*w - 98 = -6*r + r. Let s be r/(-21)*(36 + -1). What is the units digit of (24/18)/((-4)/s)?
0
Let g(n) = 6*n + 10. What is the units digit of g(5)?
0
Suppose -4*p + 8*p + 26 = -2*g, 4*g = -3*p - 77. Let s = g - -48. Suppose -3*y + 2 = -s. What is the units digit of y?
9
Let d = 7 - 4. Suppose -f - d*p = -12, -3*f - p + 36 = -6*p. What is the units digit of (f/10)/((-4)/(-30))?
9
What is the units digit of ((-1)/3)/((-2)/12)?
2
Suppose -137 = -w + 102. What is the units digit of w?
9
Suppose -w - 258 = -4*w + 2*a, 2*a = -2*w + 172. What is the units digit of w?
6
Let n(q) = q**3 + 17*q**2 + 14*q + 11. What is the units digit of n(-16)?
3
Suppose 0 = b - 7 - 2. Suppose 6 = 3*j, 5*d - 5*j = -2*j + b. Suppose 0 = -5*u - d + 18. What is the units digit of u?
3
Suppose 2*x - 3*b = 2*b + 243, -2*x + 203 = 3*b. Suppose -67 - x = -4*q. What is the tens digit of q?
4
Let q = 6 - 11. Let x = -2 - q. Suppose 0 = i + 1 - x. What is the units digit of i?
2
Let g(m) = -m**2. Let i be g(-1). What is the units digit of 6/(2 - i)*1?
2
Let o(i) = 10*i**2 - 1 - 9*i**2 - 4 + 0. What is the units digit of o(-5)?
0
Let m be (-4 - -6)*(-1)/(-2). Let w(i) = 6*i**2. What is the units digit of w(m)?
6
What is the units digit of (1/1)/((-13)/(-403))?
1
What is the units digit of ((-2)/4 + 0)*(-254 - -4)?
5
Suppose -6*b + b = 0. Let j(h) = h + 10. What is the units digit of j(b)?
0
Let d(j) be the first derivative of -1/4*j**4 - 1 + 2*j + 3/2*j**2 + 0*j**3. What is the units digit of d(-2)?
4
Let v = 56 + -38. What is the units digit of v?
8
Suppose 2*r = -r. Suppose -j - q + 2*q + 12 = r, 3*j - 28 = -q. What is the tens digit of j?
1
Let p = 5 - 4. Let z(i) = 76*i**3 - i**2 + i - 1. Let r be z(p). Suppose 1 = -w + 3, 0 = -5*k + 5*w + r. What is the units digit of k?
7
Let p be 1/(2 + (-12)/8). Let b = 1 + 1. Suppose p*z = b + 22. What is the tens digit of z?
1
What is the tens digit of 6/2 - (-540)/12?
4
What is the tens digit of (-1)/4 + 1744/64?
2
Suppose -2*n + 118 = 3*b - 184, b + 5*n = 118. What is the tens digit of b?
9
Suppose 2*r - 493 = 437. What is the tens digit of r/25 - 4/(-10)?
1
Suppose -3*w - 18 = -54. What is the tens digit of w?
1
Suppose 3*a + 0*a - 87 = 0. Let x = -3 + 3. Suppose x = -2*t + a - 1. What is the tens digit of t?
1
Let u(l) = -l**3 - 7*l**2 - 6*l + 4. Let r be u(-6). Suppose r*m + 7 = 2*w - 23, -3*m = w - 40. What is the units digit of w?
5
Let l be (-1)/2 - (-25)/10. Suppose -l*d + 7*d + 4*x - 38 = 0, -d - x = -7. Suppose -g + d = -0*g. What is the units digit of g?
0
Suppose 35*x - 38*x + 834 = 0. What is the hundreds digit of x?
2
Let d be 21/(-6) + 3/6. Let s = -8 - d. What is the tens digit of (2/s)/((-2)/50)?
1
Suppose -5*c = -8*c + 6. Suppose -c*d + 53 = 21. What is the tens digit of d?
1
Let s(y) = -2*y + 133. What is the tens digit of s(0)?
3
What is the tens digit of (40/14)/((-8)/(-644))?
3
Suppose -2*n - 2*h = -19 + 3, 3*n - 4*h - 31 = 0. What is the units digit of n?
9
Let l(q) = 5*q**2 + 1. Let m = 4 - 1. Suppose m*n + 1 = -2. What is t